{"id":4303,"date":"2025-01-18T21:27:04","date_gmt":"2025-01-18T21:27:04","guid":{"rendered":"https:\/\/buetech.pt\/?post_type=product&#038;p=4303"},"modified":"2025-01-18T22:57:38","modified_gmt":"2025-01-18T22:57:38","slug":"console-de-jogos-green-lion-gp-pro-5-preto__trashed","status":"publish","type":"product","link":"https:\/\/buetech.pt\/?product=console-de-jogos-green-lion-gp-pro-5-preto__trashed","title":{"rendered":"Console de jogos Green Lion GP PRO 5 &#8211; Preto"},"content":{"rendered":"<section class=\"o_colored_level pb0\"><span class=\"text-black\">O console de jogos port\u00e1til Green Lion GP Pro 5 foi projetado para jogar em qualquer lugar. Com uma CPU ARM Cortex-A7 integrada que opera a 1000 MHz e 1 GB de RAM, este console garante uma jogabilidade suave para satisfazer todas as suas necessidades de jogo. Seus 64 GB de armazenamento em cart\u00e3o TF podem chegar a 256 GB, tornando-o espa\u00e7oso o suficiente para armazenar seus jogos favoritos. Uma tela IPS HD de 5 polegadas a 1280&#215;720 oferece uma vis\u00e3o quase viva. Constru\u00e7\u00f5es feitas de material dur\u00e1vel ABS adicionam confiabilidade e durabilidade. Uma bateria robusta de 5000 mAh permite de 7 a 10 horas de jogo e recargas r\u00e1pidas facilitadas pelo carregamento r\u00e1pido de 22 W por meio de sua porta Tipo C. Al\u00e9m disso, o dispositivo suporta uma ampla gama de emuladores de jogos, incluindo PS1, MAME, MD, SFC e muitos outros. Ele tem uma sa\u00edda HDMI para conectar \u00e0 TV sem problemas e tamb\u00e9m \u00e9 equipado com um suporte de fixa\u00e7\u00e3o. Pesando apenas 279 g, \u00e9 o companheiro leve perfeito para jogos em qualquer lugar.<\/span><\/section>\n<section class=\"o_colored_level pb0\">\n<h2 id=\"table_of_content_heading_1681747728173_271\" data-anchor=\"true\"><span class=\"text-o-color-1\">Especifica\u00e7\u00e3o<\/span><\/h2>\n<ul>\n<li><strong>Carregamento r\u00e1pido de 22 W<\/strong><\/li>\n<li><strong>Suporte de fixa\u00e7\u00e3o<\/strong><\/li>\n<li><strong>Sa\u00edda HDMI TV<\/strong><\/li>\n<li><strong>10H Tempo de Recrea\u00e7\u00e3o<\/strong><\/li>\n<li><strong>Cart\u00e3o TF 256 GB m\u00e1x.<\/strong><\/li>\n<\/ul>\n<h2 id=\"table_of_content_heading_1681747728173_272\" data-anchor=\"true\"><span class=\"text-o-color-1\">Caracter\u00edsticas<\/span><\/h2>\n<ul>\n<li><strong>Material: ABS<\/strong><\/li>\n<li><strong>RAM: 1 GB<\/strong><\/li>\n<li><strong>CPU: ARM Cortex-A7<\/strong><\/li>\n<li><strong>Frequ\u00eancia: 1000MHz<\/strong><\/li>\n<li><strong>Armazenamento: Cart\u00e3o TF de 64 GB, Expans\u00e3o de at\u00e9 256 GB<\/strong><\/li>\n<li><strong>Tela: 5&#8243; IPS HD 1280*720<\/strong><\/li>\n<li><strong>Bateria: 5000mAh<\/strong><\/li>\n<li><strong>Tens\u00e3o de entrada: 5V\/2A<\/strong><\/li>\n<li><strong>Porta de carregamento: Tipo C<\/strong><\/li>\n<li><strong>Tempo de carregamento: 1,3 horas<\/strong><\/li>\n<li><strong>Tempo de trabalho: 7-10 horas<\/strong><\/li>\n<li><strong>Suporte a emuladores de jogos: PS1 | MAME | M\u00e9dico | SFC | FC |<br \/>\nGBA | GBC | GB | CP | S1 | CPS2 | IGS | NEOGEO<\/strong><\/li>\n<\/ul>\n<p><img decoding=\"async\" class=\"img img-fluid o_we_custom_image\" title=\"Console de jogos Green Lion\" src=\"https:\/\/www.greenlion.net\/web\/image\/311607-17be7ddc\/Green%20Lion%20GP%20PRO%205%20Gaming%20Console%20-%20Black%20%283%29.webp?access_token=f45fdda2-8f86-46a8-b695-c26409de63fa\" alt=\"Consola de jogos GP PRO 5\" data-mimetype=\"image\/webp\" data-original-id=\"311605\" data-original-src=\"\/web\/image\/311605-17be7ddc\/Green%20Lion%20GP%20PRO%205%20Gaming%20Console%20-%20Black%20%283%29.webp\" data-mimetype-before-conversion=\"image\/webp\" data-quality=\"100\" \/><\/p>\n<\/section>\n","protected":false},"excerpt":{"rendered":"<p>O console de jogos port\u00e1til Green Lion GP Pro 5 foi projetado para jogar em qualquer lugar. Com uma CPU ARM Cortex-A7 integrada que opera a 1000 MHz e 1 GB de RAM, este console garante uma jogabilidade suave para satisfazer todas as suas necessidades de jogo. Seus 64 GB de armazenamento em cart\u00e3o TF [&#8230;]\n","protected":false},"featured_media":4358,"comment_status":"open","ping_status":"closed","template":"","meta":{"om_disable_all_campaigns":false,"_monsterinsights_skip_tracking":false,"_monsterinsights_sitenote_active":false,"_monsterinsights_sitenote_note":"","_monsterinsights_sitenote_category":0,"_joinchat":[]},"product_brand":[],"product_cat":[137],"product_tag":[],"class_list":{"0":"post-4303","1":"product","2":"type-product","3":"status-publish","4":"has-post-thumbnail","6":"product_cat-consolas","8":"first","9":"instock","10":"taxable","11":"shipping-taxable","12":"purchasable","13":"product-type-simple"},"aioseo_notices":[],"jetpack_sharing_enabled":true,"_links":{"self":[{"href":"https:\/\/buetech.pt\/index.php?rest_route=\/wp\/v2\/product\/4303","targetHints":{"allow":["GET"]}}],"collection":[{"href":"https:\/\/buetech.pt\/index.php?rest_route=\/wp\/v2\/product"}],"about":[{"href":"https:\/\/buetech.pt\/index.php?rest_route=\/wp\/v2\/types\/product"}],"replies":[{"embeddable":true,"href":"https:\/\/buetech.pt\/index.php?rest_route=%2Fwp%2Fv2%2Fcomments&post=4303"}],"wp:featuredmedia":[{"embeddable":true,"href":"https:\/\/buetech.pt\/index.php?rest_route=\/wp\/v2\/media\/4358"}],"wp:attachment":[{"href":"https:\/\/buetech.pt\/index.php?rest_route=%2Fwp%2Fv2%2Fmedia&parent=4303"}],"wp:term":[{"taxonomy":"product_brand","embeddable":true,"href":"https:\/\/buetech.pt\/index.php?rest_route=%2Fwp%2Fv2%2Fproduct_brand&post=4303"},{"taxonomy":"product_cat","embeddable":true,"href":"https:\/\/buetech.pt\/index.php?rest_route=%2Fwp%2Fv2%2Fproduct_cat&post=4303"},{"taxonomy":"product_tag","embeddable":true,"href":"https:\/\/buetech.pt\/index.php?rest_route=%2Fwp%2Fv2%2Fproduct_tag&post=4303"}],"curies":[{"name":"wp","href":"https:\/\/api.w.org\/{rel}","templated":true}]}}