{"id":4524,"date":"2025-07-08T14:53:22","date_gmt":"2025-07-08T14:53:22","guid":{"rendered":"https:\/\/buetech.pt\/?post_type=product&#038;p=4524"},"modified":"2025-07-08T14:53:22","modified_gmt":"2025-07-08T14:53:22","slug":"console-de-jogos-green-lion-gp-pro","status":"publish","type":"product","link":"https:\/\/buetech.pt\/?product=console-de-jogos-green-lion-gp-pro","title":{"rendered":"Console de jogos Green Lion GP Pro +"},"content":{"rendered":"<h2 class=\"pdp-mod-section-title outer-title\" data-spm-anchor-id=\"a2a0e.pdp_revamp.0.i3.308a50830WTqki\"><span>Detalhes do produto do console de jogos Green Lion GP Pro Plus<\/span><\/h2>\n<div class=\"pdp-product-detail\" data-spm=\"product_detail\">\n<div class=\"pdp-product-desc \">\n<div class=\"html-content pdp-product-highlights\">\n<article class=\"lzd-article\">\n<ul>\n<li>\n<div><span>Tela: <\/span><span>\u00a0tela IPS de 3,5&#8243;,\u00a0 <\/span><span>resolu\u00e7\u00e3o de 640&#215;480 <\/span><span>\u00a0para imagens n\u00edtidas<\/span><\/div>\n<\/li>\n<li>\n<div><span>Desempenho: <\/span><span>CPU Quad-Core H700 e GPU Dual-Core G31 MP2 \u00a0para jogos suaves<\/span><\/div>\n<\/li>\n<li>\n<div><span>Mem\u00f3ria e armazenamento: <\/span><span>1 GB de RAM LPDDR4, armazenamento em cart\u00e3o TF de 64 GB , expans\u00edvel at\u00e9 512 GB<\/span><\/div>\n<\/li>\n<li>\n<div><span>Bateria: <\/span><span>2600mAh , at\u00e9\u00a0 7 horas de reprodu\u00e7\u00e3o<\/span><\/div>\n<\/li>\n<li>\n<div><span>Conectividade: <\/span><span>sa\u00edda HDMI e conex\u00e3o de gamepad \u00a0para op\u00e7\u00f5es de jogo estendidas<\/span><\/div>\n<\/li>\n<li>\n<div><span>Extras: <\/span><span>Motor vibrat\u00f3rio \u00a0para melhor feedback<\/span><\/div>\n<\/li>\n<\/ul>\n<\/article>\n<\/div>\n<div class=\"html-content detail-content\">\n<article class=\"lzd-article\">\n<h1><span>Green Lion GP Pro+<\/span><\/h1>\n<p><span>Experimente jogos como nunca antes com o console de jogos Green Lion GP PRO+. Com uma tela IPS de 3,5 polegadas (resolu\u00e7\u00e3o de 640&#215;480), este console oferece visuais n\u00edtidos para uma experi\u00eancia imersiva. Equipado com um processador ARM Cortex-A53 Quad-Core H700 e uma GPU MP2 Dual-Core G31, ele garante uma jogabilidade fluida. Com 1 GB de RAM LPDDR4 e 64 GB de armazenamento expans\u00edvel (compat\u00edvel com cart\u00e3o TF de at\u00e9 512 GB), voc\u00ea pode armazenar e jogar uma vasta cole\u00e7\u00e3o de jogos. A bateria de 2600 mAh oferece at\u00e9 7 horas de jogo, enquanto a sa\u00edda HDMI e a conectividade com gamepad aumentam sua versatilidade nos jogos. Desenvolvido para desempenho e conveni\u00eancia, o GP PRO+ \u00e9 o dispositivo port\u00e1til definitivo para jogos.<\/span><\/p>\n<p><img decoding=\"async\" src=\"https:\/\/img.drz.lazcdn.com\/static\/lk\/p\/dfd9c20df34ed203d0f94f8da68f4e3d.png_2200x2200q80.png_.webp\" \/><\/p>\n<\/article>\n<\/div>\n<div class=\"pdp-mod-specification\">\n<h2 class=\"pdp-mod-section-title \"><span>Especifica\u00e7\u00f5es do console de jogos Green Lion GP Pro Plus<\/span><\/h2>\n<div class=\"pdp-general-features\">\n<ul class=\"specification-keys\" data-spm-anchor-id=\"a2a0e.pdp_revamp.product_detail.i2.308a50830WTqki\">\n<li class=\"key-li\"><span class=\"key-title\"><span>Marca<\/span><\/span>\n<div class=\"key-value\"><span>Le\u00e3o Verde<\/span><\/div>\n<\/li>\n<li class=\"key-li\"><span class=\"key-title\"><span>SKU<\/span><\/span>\n<div class=\"key-value\"><span>513220640_LK-2494223560<\/span><\/div>\n<\/li>\n<li class=\"key-li\"><span class=\"key-title\"><span>Mem\u00f3ria interna<\/span><\/span>\n<div class=\"key-value\"><span>N\u00e3o especificado<\/span><\/div>\n<\/li>\n<li class=\"key-li\"><span class=\"key-title\"><span>Modelo de console<\/span><\/span>\n<div class=\"key-value\"><span>Outros<\/span><\/div>\n<\/li>\n<li class=\"key-li\"><span class=\"key-title\"><span>Modelo<\/span><\/span>\n<div class=\"key-value\"><span>GP Pro Plus<\/span><\/div>\n<\/li>\n<\/ul>\n<\/div>\n<div class=\"box-content\" data-spm-anchor-id=\"a2a0e.pdp_revamp.product_detail.i1.308a50830WTqki\"><span class=\"key-title\"><span>O que est\u00e1 na caixa<\/span><\/span><\/p>\n<div class=\"box-content-html\"><span>Produto em si, Cabo, Papelada<\/span><\/div>\n<\/div>\n<\/div>\n<\/div>\n<\/div>\n","protected":false},"excerpt":{"rendered":"<p>Detalhes do produto do console de jogos Green Lion GP Pro Plus Tela: \u00a0tela IPS de 3,5&#8243;,\u00a0 resolu\u00e7\u00e3o de 640&#215;480 \u00a0para imagens n\u00edtidas Desempenho: CPU Quad-Core H700 e GPU Dual-Core G31 MP2 \u00a0para jogos suaves Mem\u00f3ria e armazenamento: 1 GB de RAM LPDDR4, armazenamento em cart\u00e3o TF de 64 GB , expans\u00edvel at\u00e9 512 GB [&#8230;]\n","protected":false},"featured_media":4525,"comment_status":"open","ping_status":"closed","template":"","meta":{"om_disable_all_campaigns":false,"_monsterinsights_skip_tracking":false,"_monsterinsights_sitenote_active":false,"_monsterinsights_sitenote_note":"","_monsterinsights_sitenote_category":0,"_joinchat":[]},"product_brand":[481],"product_cat":[137],"product_tag":[],"class_list":{"0":"post-4524","1":"product","2":"type-product","3":"status-publish","4":"has-post-thumbnail","6":"product_brand-green-lion","7":"product_cat-consolas","9":"first","10":"instock","11":"taxable","12":"shipping-taxable","13":"purchasable","14":"product-type-simple"},"aioseo_notices":[],"jetpack_sharing_enabled":true,"_links":{"self":[{"href":"https:\/\/buetech.pt\/index.php?rest_route=\/wp\/v2\/product\/4524","targetHints":{"allow":["GET"]}}],"collection":[{"href":"https:\/\/buetech.pt\/index.php?rest_route=\/wp\/v2\/product"}],"about":[{"href":"https:\/\/buetech.pt\/index.php?rest_route=\/wp\/v2\/types\/product"}],"replies":[{"embeddable":true,"href":"https:\/\/buetech.pt\/index.php?rest_route=%2Fwp%2Fv2%2Fcomments&post=4524"}],"wp:featuredmedia":[{"embeddable":true,"href":"https:\/\/buetech.pt\/index.php?rest_route=\/wp\/v2\/media\/4525"}],"wp:attachment":[{"href":"https:\/\/buetech.pt\/index.php?rest_route=%2Fwp%2Fv2%2Fmedia&parent=4524"}],"wp:term":[{"taxonomy":"product_brand","embeddable":true,"href":"https:\/\/buetech.pt\/index.php?rest_route=%2Fwp%2Fv2%2Fproduct_brand&post=4524"},{"taxonomy":"product_cat","embeddable":true,"href":"https:\/\/buetech.pt\/index.php?rest_route=%2Fwp%2Fv2%2Fproduct_cat&post=4524"},{"taxonomy":"product_tag","embeddable":true,"href":"https:\/\/buetech.pt\/index.php?rest_route=%2Fwp%2Fv2%2Fproduct_tag&post=4524"}],"curies":[{"name":"wp","href":"https:\/\/api.w.org\/{rel}","templated":true}]}}