{"id":4566,"date":"2025-07-08T21:43:57","date_gmt":"2025-07-08T21:43:57","guid":{"rendered":"https:\/\/buetech.pt\/?post_type=product&#038;p=4566"},"modified":"2025-07-08T21:43:57","modified_gmt":"2025-07-08T21:43:57","slug":"google-tv-4k-streaming-box-onn-4k-uhd","status":"publish","type":"product","link":"https:\/\/buetech.pt\/?product=google-tv-4k-streaming-box-onn-4k-uhd","title":{"rendered":"Google TV 4K Streaming Box onn. 4K UHD"},"content":{"rendered":"<div>\n<section>\n<section id=\"product-description-section\" data-testid=\"product-description\">\n<section class=\"expand-collapse-section\" aria-describedby=\"delivery-instructions\">\n<div class=\"w_rNem expand-collapse-content\" data-testid=\"ui-collapse-panel\">\n<div class=\"ph3 pb4 pt1\">\n<div class=\"nb3\" data-testid=\"product-description-content\">\n<div class=\"mb3\">\n<div class=\"dangerous-html mb3\">\n<p>Transmita \u00e0 vontade! Agora voc\u00ea pode aproveitar seus canais digitais favoritos por meio do nosso 4K Streaming Box. Com resolu\u00e7\u00e3o 4K Ultra High-Definition e suporte a Dolby Audio, voc\u00ea se sentir\u00e1 parte da a\u00e7\u00e3o. Acesse mais de 700.000 filmes e programas em um s\u00f3 lugar. Pe\u00e7a ao Google para controlar sua TV com sua voz e transmita facilmente suas fotos, v\u00eddeos e m\u00fasicas com o Chromecast integrado. Agora voc\u00ea s\u00f3 precisa decidir o que assistir primeiro!<\/p>\n<p>Chega de pular de aplicativo para aplicativo. O Google TV \u2014 integrado em smart TVs e dispositivos de streaming \u2014 re\u00fane filmes, programas e TV ao vivo de todas as suas assinaturas. Precisa de inspira\u00e7\u00e3o? Obtenha recomenda\u00e7\u00f5es selecionadas, use a pesquisa poderosa do Google para encontrar programas em mais de 10.000 aplicativos ou navegue por mais de 800 canais gratuitos. E com perfis personalizados, a experi\u00eancia de todos \u00e9 personalizada para eles.<\/p>\n<p>Entretenimento sem esfor\u00e7o com tudo o que voc\u00ea transmite. Tudo em uma tela. Est\u00e1 tudo aqui. Com mais de 700.000 filmes e epis\u00f3dios de TV, TV ao vivo, incluindo mais de 800 canais gratuitos, e mais dispon\u00edvel em mais de 10.000 aplicativos, o Google TV leva o streaming e a TV ao vivo para o pr\u00f3ximo n\u00edvel, reunindo seu entretenimento favorito de todos os seus aplicativos e organizando tudo, s\u00f3 para voc\u00ea. Procurando por algo especial? Basta pressionar o bot\u00e3o do Google Assistente no seu controle remoto e dizer ???Reproduza a nova prequela de Meu Malvado Favorito??? para obter resultados r\u00e1pidos de todos os seus aplicativos.<\/p>\n<p>Estamos onn. para algo aqui. N\u00f3s tiramos o inc\u00f4modo de comprar eletr\u00f4nicos e constru\u00edmos uma marca que \u00e9 nova e simples. Com deliciosos toques de cor, encontrar o produto certo nunca foi t\u00e3o f\u00e1cil. Diga adeus \u00e0 tomada de decis\u00f5es estressante e ao medo do corredor de eletr\u00f4nicos. Nossa miss\u00e3o \u00e9 simples??? entregar \u00f3timos produtos e facilitar. Escolha onn. e volte a usar seu poder cerebral para as coisas importantes da vida??? como ponderar a pergunta: &#8220;O que devo assistir compulsivamente neste fim de semana?&#8221;<\/p>\n<\/div>\n<\/div>\n<div class=\"mb3\">\n<div class=\"dangerous-html mb3\">\n<ul>\n<li>Compat\u00edvel somente com EUA e Porto Rico<\/li>\n<li>Transmiss\u00e3o de TV com resolu\u00e7\u00e3o 4K UHD<\/li>\n<li>2 GB de RAM com 8 GB de armazenamento<\/li>\n<li>Wi-Fi: 2,4\/5 GHz 802.11 a\/b\/g\/n\/ac MIMO<\/li>\n<li>Compat\u00edvel com o Google Assistente<\/li>\n<li>CPU: Quad-core Cortex-A35, GPU: Mali-G31 MP2<\/li>\n<li>\u00c1udio Dolby<\/li>\n<li>WiFi r\u00e1pido<\/li>\n<li>Entrada: CA 100-240 V, 50\/60 Hz, 250 mA m\u00e1x.; Sa\u00edda: CC 5 V\/1 A<\/li>\n<li>Google TV OS &#8211; configura\u00e7\u00e3o f\u00e1cil com sua conta do Google<\/li>\n<li>O que vem na caixa? 1 caixa de streaming 4K, 1 controle remoto (requer 2 pilhas AAA, inclu\u00eddas), 1 cabo HDMI de 1 m (3,28 p\u00e9s), 1 guia de in\u00edcio r\u00e1pido, 1 adaptador CA com cabo de 1 m (3,28 p\u00e9s)<\/li>\n<\/ul>\n<\/div>\n<\/div>\n<div class=\"w_LDl2 w_ISLy bn bg-transparent dark-gray pa0 sans-serif mb3 lh-copy\">\n<p><span class=\"w__zJP\"><span class=\"w_iUH7\">informa\u00e7\u00e3o:<\/span><\/span><\/p>\n<div class=\"w_2NhK\">\n<div><span class=\"b\">Nosso objetivo \u00e9 mostrar a voc\u00ea informa\u00e7\u00f5es precisas sobre o produto.\u00a0<\/span>Fabricantes, fornecedores e outros fornecem o que voc\u00ea v\u00ea aqui, e n\u00e3o verificamos isso.<\/div>\n<\/div>\n<\/div>\n<\/div>\n<\/div>\n<\/div>\n<\/section>\n<\/section>\n<\/section>\n<\/div>\n<section class=\"expand-collapse-section nl3 nr3 ph3\" aria-describedby=\"delivery-instructions\">\n<div class=\"expand-collapse-header flex justify-between items-center w-100\">\n<h2 class=\"w-100 ma0 lh-copy normal pa3 f5 undefined\">Especifica\u00e7\u00f5es<\/h2>\n<div class=\"pr3\"><\/div>\n<\/div>\n<div class=\"w_rNem expand-collapse-content\" data-testid=\"ui-collapse-panel\">\n<div class=\"ph3 pb4 pt1\">\n<div class=\"nt1\">\n<div class=\"pb2\">\n<h3 class=\"flex items-center mv0 lh-copy f5 pb1 dark-gray\">Marca<\/h3>\n<div class=\"mv0 lh-copy mid-gray f6\">em diante.<\/div>\n<\/div>\n<div class=\"pb2\">\n<h3 class=\"flex items-center mv0 lh-copy f5 pb1 dark-gray\">Mat\u00e9ria eletr\u00f4nica<\/h3>\n<div class=\"mv0 lh-copy mid-gray f6\">Assistente de voz integrado<\/div>\n<\/div>\n<div class=\"pb2\">\n<h3 class=\"flex items-center mv0 lh-copy f5 pb1 dark-gray\">N\u00famero da pe\u00e7a do fabricante<\/h3>\n<div class=\"mv0 lh-copy mid-gray f6\">28078468<\/div>\n<\/div>\n<\/div>\n<\/div>\n<\/div>\n<\/section>\n","protected":false},"excerpt":{"rendered":"<p>Transmita \u00e0 vontade! Agora voc\u00ea pode aproveitar seus canais digitais favoritos por meio do nosso 4K Streaming Box. Com resolu\u00e7\u00e3o 4K Ultra High-Definition e suporte a Dolby Audio, voc\u00ea se sentir\u00e1 parte da a\u00e7\u00e3o. Acesse mais de 700.000 filmes e programas em um s\u00f3 lugar. Pe\u00e7a ao Google para controlar sua TV com sua voz [&#8230;]\n","protected":false},"featured_media":4567,"comment_status":"open","ping_status":"closed","template":"","meta":{"om_disable_all_campaigns":false,"_monsterinsights_skip_tracking":false,"_monsterinsights_sitenote_active":false,"_monsterinsights_sitenote_note":"","_monsterinsights_sitenote_category":0,"_joinchat":[]},"product_brand":[489],"product_cat":[163],"product_tag":[],"class_list":{"0":"post-4566","1":"product","2":"type-product","3":"status-publish","4":"has-post-thumbnail","6":"product_brand-onn","7":"product_cat-smarttv-box-e-stick-tv","9":"first","10":"instock","11":"taxable","12":"shipping-taxable","13":"purchasable","14":"product-type-simple"},"aioseo_notices":[],"jetpack_sharing_enabled":true,"_links":{"self":[{"href":"https:\/\/buetech.pt\/index.php?rest_route=\/wp\/v2\/product\/4566","targetHints":{"allow":["GET"]}}],"collection":[{"href":"https:\/\/buetech.pt\/index.php?rest_route=\/wp\/v2\/product"}],"about":[{"href":"https:\/\/buetech.pt\/index.php?rest_route=\/wp\/v2\/types\/product"}],"replies":[{"embeddable":true,"href":"https:\/\/buetech.pt\/index.php?rest_route=%2Fwp%2Fv2%2Fcomments&post=4566"}],"wp:featuredmedia":[{"embeddable":true,"href":"https:\/\/buetech.pt\/index.php?rest_route=\/wp\/v2\/media\/4567"}],"wp:attachment":[{"href":"https:\/\/buetech.pt\/index.php?rest_route=%2Fwp%2Fv2%2Fmedia&parent=4566"}],"wp:term":[{"taxonomy":"product_brand","embeddable":true,"href":"https:\/\/buetech.pt\/index.php?rest_route=%2Fwp%2Fv2%2Fproduct_brand&post=4566"},{"taxonomy":"product_cat","embeddable":true,"href":"https:\/\/buetech.pt\/index.php?rest_route=%2Fwp%2Fv2%2Fproduct_cat&post=4566"},{"taxonomy":"product_tag","embeddable":true,"href":"https:\/\/buetech.pt\/index.php?rest_route=%2Fwp%2Fv2%2Fproduct_tag&post=4566"}],"curies":[{"name":"wp","href":"https:\/\/api.w.org\/{rel}","templated":true}]}}