{"id":4852,"date":"2025-07-12T14:35:28","date_gmt":"2025-07-12T14:35:28","guid":{"rendered":"https:\/\/buetech.pt\/?post_type=product&#038;p=4852"},"modified":"2025-07-12T14:35:29","modified_gmt":"2025-07-12T14:35:29","slug":"auriculares-yesido-ysp21-bluetooth-5-3-com-faixa-de-pescoco","status":"publish","type":"product","link":"https:\/\/buetech.pt\/?product=auriculares-yesido-ysp21-bluetooth-5-3-com-faixa-de-pescoco","title":{"rendered":"Auriculares YESIDO YSP21 Bluetooth 5.3 com faixa de pesco\u00e7o"},"content":{"rendered":"<div class=\"editer-module editer-module-5004 editer-color-a34 editer-first-title-font-size-19 editer-second-title-font-size-18 editer-content-font-size-17\">\n<div class=\"detail-txt-pic\">\n<div class=\"txt-left\">\n<div class=\"editer-txt-t2\" spellcheck=\"false\"><b><span>Fone de ouvido sem fio esportivo YESIDO YSP21<\/span><\/b><\/div>\n<div class=\"detail-desc-txt\" spellcheck=\"false\">\n<p><span>YSP21 Yesido BT5.3 ENC Fone de ouvido com redu\u00e7\u00e3o de ru\u00eddo de chamada e conchas auriculares magn\u00e9ticas, design com bot\u00e3o grande, estilo halterneck.<\/span><\/p>\n<h2><span>Caracter\u00edsticas<\/span><\/h2>\n<ul>\n<li><span>BT: JL 7003 V5.3.\u00a0<\/span><\/li>\n<li><span>Bateria: 280mAh.\u00a0<\/span><\/li>\n<li><span>Colar usando estilo.<\/span><\/li>\n<li><span>Alto-falante: membrana composta de \u03c610mm.\u00a0<\/span><\/li>\n<li><span>Tempo de uso: 40 horas.<\/span><\/li>\n<\/ul>\n<\/div>\n<\/div>\n<div class=\"pic-right video-right\">\n<div class=\"upload-position\"><img decoding=\"async\" src=\"https:\/\/icdn.tradew.com\/file\/202308\/1575939\/jpg\/8254502.jpg?x-oss-process=image\/quality,Q_90\" alt=\"Fone de ouvido sem fio esportivo YESIDO YSP21\" \/><\/div>\n<\/div>\n<\/div>\n<\/div>\n<div class=\"editer-module editer-module-1003 editer-color-a34 editer-first-title-font-size-19 editer-second-title-font-size-18 editer-content-font-size-17\">\n<div class=\"detail-title\" spellcheck=\"false\"><b>\u00a0<span>Par\u00e2metros\u00a0do fone de ouvido sem fio esportivo YESIDO YSP21<\/span><br \/>\n<\/b><\/div>\n<\/div>\n<div class=\"editer-module editer-module-4002 editer-color-a34 editer-first-title-font-size-19 editer-second-title-font-size-18 editer-content-font-size-17\">\n<div class=\"detail-pic-tab\">\n<div class=\"pic-left upload-position on\"><img decoding=\"async\" src=\"https:\/\/icdn.tradew.com\/file\/202308\/1575939\/jpg\/8254512.jpg?x-oss-process=image\/quality,Q_90\" alt=\"Embalagem para fone de ouvido sem fio esportivo YESIDO YSP21\" height=\"450\" \/><\/div>\n<div class=\"tab-right detail-tab\">\n<table border=\"0\" cellspacing=\"0\" cellpadding=\"0\">\n<tbody>\n<tr>\n<td colspan=\"1\" rowspan=\"1\">\n<div class=\"editer-td editer-tab-txt-middleleft\" spellcheck=\"false\"><span style=\"font-family: Poppins, Arial, sans-serif;\"><span>Marca:\u00a0<\/span><\/span><\/div>\n<\/td>\n<td colspan=\"1\" rowspan=\"1\">\n<div class=\"editer-td editer-tab-txt-middleleft\" spellcheck=\"false\"><span>Sim eu fa\u00e7o<\/span><\/div>\n<\/td>\n<\/tr>\n<tr>\n<td colspan=\"1\" rowspan=\"1\">\n<div class=\"editer-td editer-tab-txt-middleleft\" spellcheck=\"false\">\n<div><span style=\"font-family: Poppins, Arial, sans-serif;\"><span>M\u00e9todo de fixa\u00e7\u00e3o:<\/span><\/span><\/div>\n<\/div>\n<\/td>\n<td colspan=\"1\" rowspan=\"1\">\n<div class=\"editer-td editer-tab-txt-middleleft\" spellcheck=\"false\">\n<div><span style=\"font-family: Poppins, Arial, sans-serif;\"><span>Fone de ouvido sem fio<\/span><\/span><\/div>\n<\/div>\n<\/td>\n<\/tr>\n<tr>\n<td colspan=\"1\" rowspan=\"1\">\n<div class=\"editer-td editer-tab-txt-middleleft\" spellcheck=\"false\">\n<div><span style=\"font-family: Poppins, Arial, sans-serif;\"><span>Modo:<\/span><\/span><\/div>\n<\/div>\n<\/td>\n<td colspan=\"1\" rowspan=\"1\">\n<div class=\"editer-td editer-tab-txt-middleleft\" spellcheck=\"false\">\n<div><span style=\"font-family: Poppins, Arial, sans-serif;\"><span>YSP21<\/span><\/span><\/div>\n<\/div>\n<\/td>\n<\/tr>\n<tr>\n<td colspan=\"1\" rowspan=\"1\">\n<div class=\"editer-td editer-tab-txt-middleleft\" spellcheck=\"false\">\n<div><span style=\"font-family: Poppins, Arial, sans-serif;\"><span>Aplicar para:<\/span><\/span><\/div>\n<\/div>\n<\/td>\n<td colspan=\"1\" rowspan=\"1\">\n<div class=\"editer-td editer-tab-txt-middleleft\" spellcheck=\"false\">\n<div><span style=\"font-family: Poppins, Arial, sans-serif;\"><span>Celular\/tablet<\/span><\/span><\/div>\n<\/div>\n<\/td>\n<\/tr>\n<tr>\n<td colspan=\"1\" rowspan=\"1\">\n<div class=\"editer-td editer-tab-txt-middleleft\" spellcheck=\"false\">\n<div><span style=\"font-family: Poppins, Arial, sans-serif;\"><span>Material:<\/span><\/span><\/div>\n<\/div>\n<\/td>\n<td colspan=\"1\" rowspan=\"1\">\n<div class=\"editer-td editer-tab-txt-middleleft\" spellcheck=\"false\">\n<div><span style=\"font-family: Poppins, Arial, sans-serif;\"><span>Abs+Silicone<\/span><\/span><\/div>\n<\/div>\n<\/td>\n<\/tr>\n<tr>\n<td colspan=\"1\" rowspan=\"1\">\n<div class=\"editer-td editer-tab-txt-middleleft\" spellcheck=\"false\">\n<div><span style=\"font-family: Poppins, Arial, sans-serif;\"><span>Itens aplic\u00e1veis:<\/span><\/span><\/div>\n<\/div>\n<\/td>\n<td colspan=\"1\" rowspan=\"1\">\n<div class=\"editer-td editer-tab-txt-middleleft\" spellcheck=\"false\">\n<div><\/div>\n<\/div>\n<\/td>\n<\/tr>\n<tr>\n<td colspan=\"1\" rowspan=\"1\">\n<div class=\"editer-td editer-tab-txt-middleleft\" spellcheck=\"false\">\n<div><span style=\"font-family: Poppins, Arial, sans-serif;\"><span>Sa\u00edda:<\/span><\/span><\/div>\n<\/div>\n<\/td>\n<td colspan=\"1\" rowspan=\"1\">\n<div class=\"editer-td editer-tab-txt-middleleft\" spellcheck=\"false\">\n<div><span style=\"font-family: Poppins, Arial, sans-serif;\"><span>Cerca de 10mW<\/span><\/span><\/div>\n<\/div>\n<\/td>\n<\/tr>\n<tr>\n<td colspan=\"1\" rowspan=\"1\">\n<div class=\"editer-td editer-tab-txt-middleleft\" spellcheck=\"false\">\n<div><span style=\"font-family: Poppins, Arial, sans-serif;\"><span>GW\uff1a<\/span><\/span><\/div>\n<\/div>\n<\/td>\n<td colspan=\"1\" rowspan=\"1\">\n<div class=\"editer-td editer-tab-txt-middleleft\" spellcheck=\"false\">\n<div><span style=\"font-family: Poppins, Arial, sans-serif;\"><span>125G<\/span><\/span><\/div>\n<\/div>\n<\/td>\n<\/tr>\n<tr>\n<td colspan=\"1\" rowspan=\"1\">\n<div class=\"editer-td\" spellcheck=\"false\"><\/div>\n<\/td>\n<td colspan=\"1\" rowspan=\"1\">\n<div class=\"editer-td\" spellcheck=\"false\"><\/div>\n<\/td>\n<\/tr>\n<\/tbody>\n<\/table>\n<\/div>\n<\/div>\n<\/div>\n<div class=\"editer-module editer-module-1004 editer-color-a34 editer-first-title-font-size-19 editer-second-title-font-size-18 editer-content-font-size-17\">\n<div class=\"detail-title\" spellcheck=\"false\"><b><span>Par\u00e2metros\u00a0do fone de ouvido sem fio esportivo YESIDO YSP21\u00a0<\/span><\/b><\/div>\n<\/div>\n<div class=\"editer-module editer-module-5004 editer-color-a34 editer-first-title-font-size-19 editer-second-title-font-size-18 editer-content-font-size-17\">\n<div class=\"detail-txt-pic\">\n<div class=\"txt-left\">\n<div class=\"editer-txt-t2\" spellcheck=\"false\"><b><span style=\"color: #333333;\"><span>Composi\u00e7\u00e3o do produto<\/span><\/span><\/b><b><br \/>\n<\/b><\/div>\n<div class=\"detail-desc-txt\" spellcheck=\"true\">\n<div>\n<div><span>1. Ligue o YSP21 e aguarde o nome do item aparecer nos dispositivos.<\/span><\/div>\n<\/div>\n<div><span>2. Conecte o YSP21 ao telefone celular e comece a usar<\/span><\/div>\n<\/div>\n<\/div>\n<div class=\"pic-right video-right\">\n<div class=\"upload-position\"><\/div>\n<\/div>\n<\/div>\n<\/div>\n","protected":false},"excerpt":{"rendered":"<p>Fone de ouvido sem fio esportivo YESIDO YSP21 YSP21 Yesido BT5.3 ENC Fone de ouvido com redu\u00e7\u00e3o de ru\u00eddo de chamada e conchas auriculares magn\u00e9ticas, design com bot\u00e3o grande, estilo halterneck. Caracter\u00edsticas BT: JL 7003 V5.3.\u00a0 Bateria: 280mAh.\u00a0 Colar usando estilo. Alto-falante: membrana composta de \u03c610mm.\u00a0 Tempo de uso: 40 horas. \u00a0Par\u00e2metros\u00a0do fone de ouvido [&#8230;]\n","protected":false},"featured_media":4884,"comment_status":"open","ping_status":"closed","template":"","meta":{"om_disable_all_campaigns":false,"_monsterinsights_skip_tracking":false,"_monsterinsights_sitenote_active":false,"_monsterinsights_sitenote_note":"","_monsterinsights_sitenote_category":0,"_joinchat":[]},"product_brand":[486],"product_cat":[132],"product_tag":[],"class_list":{"0":"post-4852","1":"product","2":"type-product","3":"status-publish","4":"has-post-thumbnail","6":"product_brand-yesido","7":"product_cat-auriculares-auscultadores","9":"first","10":"instock","11":"taxable","12":"shipping-taxable","13":"purchasable","14":"product-type-simple"},"aioseo_notices":[],"jetpack_sharing_enabled":true,"_links":{"self":[{"href":"https:\/\/buetech.pt\/index.php?rest_route=\/wp\/v2\/product\/4852","targetHints":{"allow":["GET"]}}],"collection":[{"href":"https:\/\/buetech.pt\/index.php?rest_route=\/wp\/v2\/product"}],"about":[{"href":"https:\/\/buetech.pt\/index.php?rest_route=\/wp\/v2\/types\/product"}],"replies":[{"embeddable":true,"href":"https:\/\/buetech.pt\/index.php?rest_route=%2Fwp%2Fv2%2Fcomments&post=4852"}],"wp:featuredmedia":[{"embeddable":true,"href":"https:\/\/buetech.pt\/index.php?rest_route=\/wp\/v2\/media\/4884"}],"wp:attachment":[{"href":"https:\/\/buetech.pt\/index.php?rest_route=%2Fwp%2Fv2%2Fmedia&parent=4852"}],"wp:term":[{"taxonomy":"product_brand","embeddable":true,"href":"https:\/\/buetech.pt\/index.php?rest_route=%2Fwp%2Fv2%2Fproduct_brand&post=4852"},{"taxonomy":"product_cat","embeddable":true,"href":"https:\/\/buetech.pt\/index.php?rest_route=%2Fwp%2Fv2%2Fproduct_cat&post=4852"},{"taxonomy":"product_tag","embeddable":true,"href":"https:\/\/buetech.pt\/index.php?rest_route=%2Fwp%2Fv2%2Fproduct_tag&post=4852"}],"curies":[{"name":"wp","href":"https:\/\/api.w.org\/{rel}","templated":true}]}}